 of 7914?
False
Does 130 divide 20548?
False
Is 75171 a multiple of 80?
False
Is 255 a multiple of 5?
True
Is 6 a factor of 444?
True
Is 226 a multiple of 44?
False
Is 26 a factor of 416?
True
Does 3 divide 238?
False
Is 702 a multiple of 16?
False
Is 42 a factor of 504?
True
Is 15 a factor of 189?
False
Is 28952 a multiple of 72?
False
Is 134 a factor of 1072?
True
Does 5 divide 171?
False
Does 4 divide 40?
True
Is 6017 a multiple of 12?
False
Is 732 a multiple of 12?
True
Is 22 a factor of 143365?
False
Does 86 divide 22727?
False
Is 21562 a multiple of 45?
False
Is 611 a multiple of 27?
False
Is 6 a factor of 78?
True
Is 13002 a multiple of 11?
True
Is 40 a factor of 320?
True
Is 3810 a multiple of 16?
False
Is 488 a multiple of 9?
False
Does 10 divide 760?
True
Does 20 divide 2594?
False
Is 755 a multiple of 77?
False
Does 38 divide 3949?
False
Does 4 divide 1387?
False
Is 17697 a multiple of 10?
False
Does 17 divide 16423?
False
Does 12 divide 1728?
True
Is 597 a multiple of 3?
True
Does 75 divide 9376?
False
Is 122 a factor of 28548?
True
Is 44 a factor of 1012?
True
Is 716 even?
True
Is 368 a multiple of 43?
False
Does 35 divide 7057?
False
Is 38 a factor of 20596?
True
Is 144 a factor of 1728?
True
Is 73 a factor of 7446?
True
Is 35 a factor of 34390?
False
Does 84 divide 3108?
True
Does 52 divide 988?
True
Is 62771 a multiple of 22?
False
Does 62 divide 1364?
True
Does 12 divide 1494?
False
Is 546 a multiple of 30?
False
Is 240 a factor of 5681?
False
Is 3220 a multiple of 22?
False
Is 60 a factor of 1320?
True
Is 2585 a multiple of 5?
True
Does 8 divide 8?
True
Does 7 divide 8003?
False
Is 45 a factor of 14491?
False
Is 13 a factor of 1255?
False
Is 59 a factor of 13409?
False
Does 154 divide 38482?
False
Is 21 a factor of 3614?
False
Is 5 a factor of 232?
False
Is 2109 a multiple of 57?
True
Does 22 divide 387?
False
Does 50 divide 1115?
False
Is 541 a multiple of 60?
False
Is 26 a factor of 4875?
False
Is 39795 a multiple of 21?
True
Is 4 a factor of 244?
True
Is 9960 a multiple of 14?
False
Does 12 divide 45384?
True
Does 217 divide 12212?
False
Does 18 divide 1998?
True
Does 14 divide 8148?
True
Is 9 a factor of 9837?
True
Is 581 a multiple of 30?
False
Is 9840 a multiple of 120?
True
Does 7 divide 26117?
True
Is 97 a factor of 34136?
False
Does 18 divide 28882?
False
Is 115 a multiple of 38?
False
Is 1248 a multiple of 32?
True
Does 3 divide 108?
True
Is 6578 a multiple of 2?
True
Is 30 a multiple of 5?
True
Does 50 divide 900?
True
Does 19 divide 56354?
True
Does 122 divide 35136?
True
Is 5 a factor of 92?
False
Is 28 a factor of 93064?
False
Is 3905 a multiple of 22?
False
Is 1677 a multiple of 10?
False
Is 910 a multiple of 35?
True
Does 21 divide 105?
True
Is 27552 a multiple of 168?
True
Is 3 a factor of 14499?
True
Does 13 divide 1516?
False
Is 2 a factor of 7?
False
Is 11 a factor of 2100?
False
Is 4657 a multiple of 26?
False
Is 39230 a multiple of 52?
False
Is 1157 a multiple of 22?
False
Does 7 divide 752?
False
Is 8650 a multiple of 10?
True
Is 2361 a multiple of 59?
False
Does 45 divide 4932?
False
Is 16912 a multiple of 14?
True
Does 22 divide 22189?
False
Is 100 a multiple of 19?
False
Is 9 a factor of 6219?
True
Does 10 divide 25270?
True
Is 2103 a multiple of 18?
False
Is 2178 a multiple of 11?
True
Is 12314 a multiple of 19?
False
Is 136 a factor of 1496?
True
Is 35 a factor of 455?
True
Does 65 divide 2275?
True
Is 89913 a multiple of 51?
True
Is 11 a factor of 2145?
True
Is 32 a factor of 5453?
False
Is 2314 a multiple of 13?
True
Is 7 a factor of 448?
True
Does 9 divide 6930?
True
Does 21 divide 2153?
False
Does 57 divide 9975?
True
Is 878 a multiple of 6?
False
Is 64906 a multiple of 24?
False
Is 23 a factor of 10321?
False
Does 11 divide 1444?
False
Is 366 a multiple of 24?
False
Is 2452 a multiple of 30?
False
Is 13 a factor of 12619?
False
Is 13 a factor of 1595?
False
Is 48 a factor of 1680?
True
Does 11 divide 9146?
False
Is 3 a factor of 729?
True
Does 50 divide 400?
True
Is 69 a factor of 2137?
False
Does 270 divide 111075?
False
Is 19 a factor of 1862?
True
Is 33 a factor of 35739?
True
Does 26 divide 48471?
False
Does 220 divide 40260?
True
Does 193 divide 6194?
False
Is 4428 a multiple of 108?
True
Is 2243 a multiple of 36?
False
Is 9876 a multiple of 4?
True
Does 15 divide 1320?
True
Is 4 a factor of 6939?
False
Does 68 divide 474?
False
Is 5 a factor of 21396?
False
Is 88 a factor of 1256?
False
Is 31609 a multiple of 141?
False
Is 7 a factor of 1030?
False
Does 142 divide 52398?
True
Is 93 a factor of 1884?
False
Is 10 a factor of 28726?
False
Does 56 divide 11552?
False
Is 52 a factor of 19272?
False
Is 9982 a multiple of 46?
True
Does 13 divide 42335?
False
Does 8 divide 23993?
False
Is 2930 a multiple of 10?
True
Is 41 a factor of 1664?
False
Is 14 a factor of 19290?
False
Is 8 a factor of 512?
True
Does 34 divide 43863?
False
Does 36 divide 69387?
False
Is 7 a factor of 70?
True
Does 77 divide 30036?
False
Is 192 a multiple of 12?
True
Is 32 a factor of 1376?
True
Is 2040 a multiple of 17?
True
Is 28749 a multiple of 42?
False
Is 6681 a multiple of 11?
False
Is 12 a factor of 756?
True
Is 41 a factor of 29142?
False
Does 12 divide 672?
True
Is 25 a factor of 100?
True
Is 104 a factor of 109910?
False
Does 56 divide 5314?
False
Is 3 a factor of 1715?
False
Is 29 a factor of 274?
False
Is 2204 a multiple of 29?
True
Does 22 divide 418?
True
Does 97 divide 11931?
True
Is 6116 a multiple of 139?
True
Is 15 a factor of 645?
True
Is 20 a factor of 60?
True
Does 3 divide 3626?
False
Is 2038 a multiple of 24?
False
Is 60 a factor of 2220?
True
Is 940 a multiple of 7?
False
Does 7 divide 3094?
True
Is 102 a factor of 11277?
False
Is 52 a factor of 988?
True
Is 4767 a multiple of 33?
False
Is 30639 a multiple of 21?
True
Does 32 divide 938?
False
Does 6 divide 318?
True
Does 15 divide 1486?
False
Is 5855 even?
False
Is 94 a factor of 17200?
False
Is 16136 a multiple of 33?
False
Does 16 divide 734?
False
Is 287 a factor of 76822?
False
Does 37 divide 1405?
False
Is 33 a factor of 3927?
True
Does 23 divide 1250?
False
Is 70 a multiple of 10?
True
Is 180 a multiple of 6?
True
Does 5 divide 765?
True
Does 93 divide 9207?
True
Is 595 a multiple of 82?
False
Does 23 divide 1984?
False
Is 6832 a multiple of 8?
True
Is 41 a factor of 9799?
True
Does 3 divide 300?
True
Is 120 a factor of 2520?
True
Does 67 divide 9514?
True
Is 30 a factor of 141?
False
Is 7227 a multiple of 25?
False
Does 424 divide 135756?
False
Is 539 a multiple of 28?
False
Is 312 a multiple of 2?
True
Does 126 divide 1512?
True
Is 396 a multiple of 6?
True
Is 44 a factor of 2992?
True
Is 7384 a multiple of 142?
True
Is 2068 a multiple of 188?
True
Does 21 divide 882?
True
Does 3 divide 129?
True
Does 23 divide 48827?
False
Does 23 divide 95617?
False
Is 31 a factor of 324?
False
Is 5425 a multiple of 31?
True
Does 3 divide 2916?
True
Is 85 a multiple of 42?
False
Is 13 a factor of 10789?
False
Is 35279 a multiple of 261?
False
Does 44 divide 1770?
False
Is 24581 a multiple of 128?
False
Is 6 a factor of 2008?
False
Does 43 divide 10515?
False
Is 5 a factor of 6482?
False
Is 2433 a multiple of 20?
False
Is 54 a factor of 4428?
True
Is 3583 a multiple of 32?
False
Does 59 divide 1602?
False
Is 20 a factor of 633?
False
Is 88 a factor of 4136?
True
Is 318 a multiple of 4?
False
Is 16 a factor of 1022?
False
Is 162 a factor of 28488?
False
Is 12901 a multiple of 19?
True
Does 10 divide 14383?
False
Does 12 divide 2685?
False
Is 25 a factor of 526?
False
Is 112 a factor of 54544?
True
Is 4014 a multiple of 72?
False
Does 17 divide 50303?
True
Is 2848 a multiple of 20?
False
Does 2 divide 258?
True
Is 12516 a multiple of 4?
True
Does 24 divide 1024?
False
Is 223 a factor of 21487?
False
Does 48 divide 184?
False
Is 2999 a multiple of 3?
False
Is 7 a factor of 220?
False
Is 47 a factor of 1786?
True
Is 6 a factor of 2016?
True
Is 235 a multiple of 5?
True
Does 26 divide 2366?
True
Does 9 divide 27?
True
Is 78 a multiple of 26?
True
Is 408 a multiple of 14?
False
Does 20 divide 240?
True
Is 26 a factor of 8488?
False
Does 16 divide 9722?
False
Does 19 divide 5567?
True
Is 496 a multiple of 38?
False
Is 14448 a multiple of 12?
True
Is 97 a fa